 1 + 1 - 8 - -3. Let j(a) be the first derivative of -a**3/6 - a**2 + 127*a + 59. Let q(l) be the first derivative of j(l). Determine q(z).
1
Let f be ((-5)/10)/((-3)/36*2). Let x(y) = y**2 - 14*y + 2. Let j be x(14). Let v(t) = -7*t**2 - 2*t + 5*t - j*t - t**3 - 9*t + f. Calculate v(-6).
15
Let g(c) = c**3 + 26*c**2 - 8*c + 53. Let i be g(-27). Let b = 464 + i. Let a(u) = u - 11. What is a(b)?
-7
Let t(r) = 3*r - 22. Let h be t(20). Let d(j) = -h + 2*j - j**2 + 13 + 23 + j. Determine d(2).
0
Let z = 158 + -163. Let n = 11 - 10. Let i(w) = 1 + n - 1 + w. Determine i(z).
-4
Let g be (-6 - -15) + (8/(-4) - 4). Suppose 2*n + 6 = -4*b, 0*n - 3*b = 3*n. Let y(z) = -10*z**3 - 1 + 4*z**n - 6*z + 7*z**2 + z**g + 6*z**3. Calculate y(-8).
-17
Let d(l) = -822 + 0*l**2 + 815 - 3*l**2 + 3*l + 9*l**2 - l**3. What is d(3)?
29
Let q(a) = 440*a**2 - 27*a + 231 + 21*a - 439*a**2 - 25*a. Give q(16).
-9
Let r(m) = 16*m**2 + 2*m + 11. Let t(g) = g**2 - g - 9. Let s(n) = -r(n) - t(n). Determine s(-1).
-18
Let g(o) = 8*o**2 - 29*o + 11. Let w(j) = -2*j**2 + j + 1. Let b(d) = -g(d) - 5*w(d). What is b(-13)?
10
Let z(p) = -2*p**2 + 8 + 31 + 10 - 14*p - 27 - p**2 + p**3. Calculate z(5).
2
Let x(g) = -47*g - g**3 - 16*g**2 + 5*g + 14*g - 24 + g + 23. What is x(-14)?
-15
Suppose -2*b + 2 = -4. Let v(d) = -14*d - 2*d**3 + 13*d + b*d**3 - 3 - 7*d**2. Suppose -280 = -46*a - 18*a + 24*a. Calculate v(a).
-10
Suppose -3*q = 4*s + 49, -2*s - 6*q - 32 = -2*q. Let d(f) be the first derivative of 11/2*f**2 + 11/3*f**3 + 72 + 1/4*f**4 + 15*f. Give d(s).
5
Let a(p) = p**2 + 11*p + 21. Let y = -910 + 903. Calculate a(y).
-7
Suppose 941*r = 938*r - 18. Let h be 6 - (r + (7 - (-30)/(-5))). Let t(c) = c**2 - 12*c + 13. What is t(h)?
2
Let q(v) = 2 + 19 - 2 - 2*v + 26*v - 19*v. Determine q(4).
39
Let y(l) = -12 + 10 - 4*l - 249472*l**2 + 249467*l**2. Let b = 4 + -6. Give y(b).
-14
Let c(u) = 3*u - 9*u**2 + 14*u**2 + 0*u - 6*u - 1 - 6*u**2. What is c(-5)?
-11
Let y(u) = -u**2 - 6*u - 3. Let l(r) = -r**3 - 10*r**2 - 10*r + 22. Let m be l(-9). Suppose a = 4*t + 148, -t - 20 - 12 = a. Let i = t + m. Calculate y(i).
2
Let i(v) = 19*v - 164. Let d be (510/45 - 8)*3. Give i(d).
26
Let v(x) = x**2 + 7*x + 2. Let p be v(-6). Let k be 3 + p + -3 - -6. Let f(u) = 5 - 4*u - 17 + k*u + 10. Determine f(-5).
8
Let f = -413 - -417. Let i(l) = -l + 4. Let s(v) be the third derivative of -v**3/2 + 4*v**2. Let c(y) = f*s(y) + 3*i(y). What is c(3)?
-9
Let t(q) = -199 + 111*q + 126*q - 249*q. Determine t(-17).
5
Suppose -5*m + 18 = -3*d, 5*m - 2*d - 7 = 10. Suppose 4*f = -0*z + m*z, 18 = 3*z + 2*f. Let q(h) = z + h + h + 17*h**2 - 19*h**2. Give q(3).
-8
Suppose -3*p = -q + 37 - 94, -q - 17 = -p. Let b = p - 17. Let c be (b/(-2))/((-6)/8). Let f(j) = j - 1. Calculate f(c).
1
Let q(n) be the third derivative of -n**6/120 - n**5/60 - n**4/24 - 8*n**3/3 - 1547*n**2. Suppose 0 = -4*a + 8. Suppose 7*z - a*z = 0. Determine q(z).
-16
Let h(a) = a**2 + 10*a + 11. Let v be h(-8). Let l(m) = -10*m + 5. Let s(z) = 11*z - 6. Let i(f) = v*s(f) - 6*l(f). Let q be (-22)/(-10) - 18/90. Give i(q).
10
Suppose -119*y = -121*y + 10. Suppose 33 = 2*k + k + 5*t, -y*t - 44 = -4*k. Let h(w) = -w**2 + 12*w - 5. Give h(k).
6
Let g(r) = -34*r + 112. Let u be g(-14). Let v be (0 - 9/4)/(u/(-1568)). Let s(i) be the second derivative of i**3/6 - i**2 - i. Calculate s(v).
4
Let j(l) = -l + 5. Let u(b) = 2*b - 71. Let f be -7 + (-37)/(-4)*4. Let o be u(f). Calculate j(o).
16
Let o(x) = x**3 + 6*x**2 + x + 4. Suppose 5*r + 3*r = -8. Let m be r + 63 + 1 + 1. Let f be -1 - 28/(-20) - m/10. Determine o(f).
-2
Let f(p) be the first derivative of -2*p**3/3 - 9*p**2/2 + 6*p - 3637. Give f(-6).
-12
Suppose -23177 = 11*z - 23122. Let i(k) = -13*k - 25. Give i(z).
40
Let g(w) = -2*w - 6. Let u = -132 - -172. Suppose -2 = -2*z + 2*d - 4, -5*z - 2*d = u. What is g(z)?
6
Let w(n) = -6*n - 304. Let c = 37967 - 38014. What is w(c)?
-22
Let q(b) be the second derivative of 5*b**4/12 + b**3/3 - b**2 - 58333*b. Let w(g) = g + 5. Let k be w(-3). Determine q(k).
22
Let z(n) = -24*n + 49. Let k(l) = -43*l + 99. Let y(u) = 4*k(u) - 7*z(u). Determine y(16).
-11
Let p(z) = -5*z**3 - 2*z**2 + 2*z - 2. Let a(u) = 24*u**3 + 10*u**2 - 8*u + 10. Let s(x) = 3*a(x) + 14*p(x). Give s(-1).
-2
Let u(t) be the second derivative of -15*t**4/4 - t**3/3 - t**2 - 481*t. Calculate u(-1).
-45
Let x be ((-42)/9)/(10/(-15)). Let z(h) = -h**3 + 11*h**2 + 6*h + 1. Let c(o) = o**2 - 1. Suppose 4*a - 19 = 1. Let j(s) = a*c(s) - z(s). Determine j(x).
1
Let o = -8408 + 8424. Let b(k) = 19*k - 311. What is b(o)?
-7
Let j(z) = 16*z**2 - 9*z - 15. Let q be j(-3). Let k = q - 157. Let a(y) = 64*y. Let l(r) = -9*r. Let p(m) = 6*a(m) + 44*l(m). Determine p(k).
12
Suppose r + 0*r = 2*r. Suppose r = 29*i - 25*i + 40. Let z(o) = 2*o + 17. Give z(i).
-3
Let f(r) be the second derivative of r**5/60 - r**4/3 + r**3 - 39*r**2/2 - 57*r. Let q(z) be the first derivative of f(z). Calculate q(5).
-9
Let n(c) = -50*c + 113*c - 19 - 59*c. Let k be n(4). Let f(p) be the third derivative of -p**6/120 - p**5/60 + p**4/24 - p**3/6 - 4*p**2. Calculate f(k).
14
Let r(o) = 5*o**2 - 1. Let l be r(1). Let g(x) be the third derivative of 2*x**2 + 1/60*x**5 - 1/6*x**3 - 5 + 0*x - 1/6*x**4. Determine g(l).
-1
Let r(s) = 33*s**2 + 11*s**2 - 6 + 9 - 4. Determine r(-1).
43
Let y(m) = -7*m**2 - 15*m - 5. Let f(s) = 3*s**2 + 7*s + 2. Let v(a) = -9*f(a) - 4*y(a). Suppose 0 = 3*i + 3*w - 74 + 71, -2*i + 10 = -2*w. Determine v(i).
2
Let z(c) be the first derivative of c**2/2 + 6*c + 2. Let r = -80 + 114. Let l be (0 - (-2 + 3))/(r/238). Calculate z(l).
-1
Let p(y) be the first derivative of -2 + 2/3*y**3 + 3/2*y**2 + 16*y. Let s(r) be the first derivative of p(r). Calculate s(-2).
-5
Let q(y) = -33*y + 11. Let d(a) = 179*a - 3220. Let h be d(18). Calculate q(h).
-55
Let i(l) = l**2 - 14*l - 29. Let g be i(-2). Let p(c) be the second derivative of 17*c + 1/3*c**g - 4*c**2 + 0. What is p(6)?
4
Suppose z + 83 = -7. Let b = z + 92. Let m(h) be the first derivative of h**2 - 2*h + 1. Determine m(b).
2
Let j(l) = 89 + 3*l - 91 + 14*l**2 - 13*l**2. Give j(0).
-2
Suppose 40*w = 45*w + 3*i + 49, 2*w - 4*i + 4 = 0. Let p(j) = j**2 + 5*j + 12. Give p(w).
36
Suppose s + 21 = -4*w, -2*w + 3*w + s + 9 = 0. Let n(g) = -23*g + 313. Let i(c) = 13*c - 178. Let v(o) = -7*i(o) - 4*n(o). Calculate v(w).
-10
Let y(w) be the third derivative of w**6/120 + w**5/12 - w**4/24 + w**3 + 964*w**2. Let a(d) = d**3 - 4*d**2 - 3*d + 7. Let f be a(4). Give y(f).
11
Let r(t) = 8*t - 9*t - 26376 + 26365. Give r(-5).
-6
Let z(x) = -x**2 + 4*x + 7. Suppose 3*i + 246 = -3*i. Let o = -38 - i. Let g be 1 - o - 40/(-5). Give z(g).
-5
Suppose r + 89 = 124. Let d = r + -32. Let y(k) = 2*k. What is y(d)?
6
Let s(p) = 95*p - 2484. Let j be s(26). Let f(y) = -y**3 - 8*y**2 + 83*y - 14. Determine f(j).
0
Let f(i) = 6*i - 1. Let h(k) = k**3 + 8*k**2 + 12*k + 27. Let l = -457 + 450. Let x be h(l). Give f(x).
-49
Let b(x) = -x**3 - x**2 - x. Let a(s) = 2*s**3 - s**2 - 30*s + 24. Let q be a(-4). Give b(q).
0
Suppose -9*b + 3*b = -96. Let h(y) = b - 2*y + 8 - 15. Determine h(6).
-3
Let j(s) = s**2 + 3. Let w(r) = r**2 + r + 3. Suppose -1 = -3*b - p + 4, -4*p = -3*b + 10. Let d(i) = b*j(i) - 3*w(i). Give d(-3).
-3
Let x(d) = 3*d - 3. Let v(u) be the second derivative of u**3/6 - 112*u - 2. Let o(g) = -5*v(g) + 2*x(g). Give o(3).
-3
Let c(l) = 9*l + 10. Let k(i) = 8*i + 9. Let f(t) = -4*c(t) + 5*k(t). Let o be ((64/(-288))/((-12)/(-81)))/((-12)/(-16)). Give f(o).
-3
Let l be 14 - ((4 - 4) + 1). Suppose -5*k - 5 = -2*f, -3*f + l + 0 = -2*k. Let o = f + -7. Let x(m) = -4*m - 3. What is x(o)?
5
Let v(y) = 175 - 12*y**2 + 20*y - 3*y - 177 - y**3 - 22*y. Give v(-11).
-68
Let n(l) = -3*l - 43. Let j be n(-15). Let y(c) = 2*c**2 + 180*c - 184*c - c**j. What is y(4)?
0
Let j = 2037 + -2029. Let s(f) = 3*f**2 - 27*f + 17. Determine s(j).
-7
Let b be (-3 + 1)*1 - -7. Let h(z) be the second derivative of z**4/12 - 5*z**3/6 - 5*z**2/2 + 463*z + 12. Give h(b).
-5
Let k(f) = -21*f + 35. Let l(o) = -58*o + 99. Let j(w) = 11*k(w) - 4*l(w). Determine j(7).
-4
Let r(f) be the first derivative of f**4/4 - 2*f**3/3 - 994. Let q = -5 + 8. Suppose -q*z + z - 7 = -3*t, 11 = 2*z + 3*t. Determine r(